0110
In base 13, what is -25978 - 4?
-2597c
In base 11, what is 1232 + -4?
1229
In base 13, what is -18a91 - -3?
-18a8b
In base 14, what is 1517717 + -1?
1517716
In base 16, what is 70 - 317?
-2a7
In base 2, what is -11000101101100011 + -11110?
-11000101110000001
In base 14, what is -a91b + -c?
-a929
In base 14, what is -2057c8 + -3?
-2057cb
In base 2, what is -101110101 + 10011101?
-11011000
In base 14, what is -4a - 211?
-25b
In base 9, what is -7 + -152718?
-152726
In base 12, what is -46a75 - a?
-46a83
In base 5, what is 10 - 4344021?
-4344011
In base 4, what is 113 + 13221001?
13221120
In base 7, what is 0 - -35504?
35504
In base 5, what is -4403210 - -1?
-4403204
In base 16, what is d96 + 3?
d99
In base 13, what is 35a1a3 + 5?
35a1a8
In base 10, what is -215 - 644?
-859
In base 9, what is 32 - 114?
-72
In base 4, what is -1220120 + 1123?
-1212331
In base 12, what is -2 - -19471?
1946b
In base 9, what is 811 + 665?
1576
In base 16, what is -c - 115a?
-1166
In base 7, what is 241 - -1161?
1432
In base 7, what is -6 + 213226?
213220
In base 16, what is 1 + 16c?
16d
In base 15, what is -7 + 14426?
1441e
In base 9, what is 1 - 167060?
-167058
In base 14, what is -bc39 + -2?
-bc3b
In base 9, what is 174 - 377?
-203
In base 12, what is 1294 + 65?
1339
In base 4, what is -2 - -1331102?
1331100
In base 15, what is 8bb568 + 1?
8bb569
In base 10, what is 120 - -74?
194
In base 7, what is 2326 - -25?
2354
In base 4, what is -33 - 1303231?
-1303330
In base 14, what is 3a72 + -35?
3a3b
In base 8, what is -1 - 40720?
-40721
In base 15, what is -13 - 7d9?
-7ec
In base 5, what is 13344 - 200?
13144
In base 15, what is 5 - b22?
-b1c
In base 14, what is -37 + -68?
-a1
In base 13, what is 72 + 3cc6?
4068
In base 13, what is -2121 + -2?
-2123
In base 7, what is -24 - 63003?
-63030
In base 7, what is 1 + -45430?
-45426
In base 3, what is 11212202100 - -12?
11212202112
In base 7, what is -6333 + -445?
-10111
In base 15, what is 23099 - -6?
230a0
In base 3, what is 10011211102 - -22?
10011211201
In base 5, what is 3220401112 - -4?
3220401121
In base 4, what is -3 - -1010320222?
1010320213
In base 6, what is -1 - -11055513?
11055512
In base 8, what is 30 + 4426?
4456
In base 15, what is 106d7 - 24?
106b3
In base 8, what is -306 + -157?
-465
In base 8, what is -17711 - 4?
-17715
In base 4, what is 2 - -103322031?
103322033
In base 14, what is 1ac4 - 44?
1a80
In base 12, what is -17715 - -6?
-1770b
In base 4, what is 3 + -1200001320?
-1200001311
In base 14, what is 29 + -40c0?
-4095
In base 8, what is -4025 + -374?
-4421
In base 9, what is -117031 + 4?
-117026
In base 10, what is -3 - -32764?
32761
In base 3, what is -10001122 - 1021?
-10002220
In base 15, what is -3509 - a?
-3514
In base 8, what is 22461244 + -2?
22461242
In base 3, what is 100002120 - -1112?
100011002
In base 10, what is 9 - -4735?
4744
In base 5, what is 101311332 + -2?
101311330
In base 4, what is -232 - 110332?
-111230
In base 13, what is 46 - -417?
460
In base 16, what is 16c + -cb?
a1
In base 5, what is -1001032420 - 0?
-1001032420
In base 13, what is 20c8a5 + -5?
20c8a0
In base 4, what is -2203221 - 32?
-2203313
In base 12, what is -5 + -7a5b?
-7a64
In base 14, what is -c4 + 151d?
1439
In base 13, what is 4a - -3bc?
439
In base 12, what is -96a5 + a?
-9697
In base 6, what is 5 + -14100044?
-14100035
In base 6, what is 1015152 + -5?
1015143
In base 6, what is 1404 - -22152?
24000
In base 11, what is -691a + 127?
-67a3
In base 7, what is 250052 - -165?
250250
In base 5, what is 121101 - -412?
122013
In base 16, what is -2acb - 0?
-2acb
In base 7, what is -4 + 5461?
5454
In base 9, what is -3 + -85480?
-85483
In base 14, what is 13a040 - 1?
13a03d
In base 10, what is -90 + 320?
230
In base 4, what is -132332 + 12103?
-120223
In base 4, what is 31 + 20000?
20031
In base 14, what is 2 + -ab57?
-ab55
In base 13, what is 5 - 2346a?
-23465
In base 14, what is 7c6 - -1?
7c7
In base 10, what is -5 - 448600?
-448605
In base 6, what is -55555 + 4?
-55551
In base 4, what is 103102 + 3002?
112110
In base 5, what is -2432 + -3321?
-11303
In base 4, what is -300 - 2210?
-3110
In base 16, what is b8b84 - 3?
b8b81
In base 5, what is 124 - -443022?
443201
In base 15, what is ae8b - -3?
ae8e
In base 13, what is -c - -6035?
6026
In base 15, what is 2b9 + -18c?
12c
In base 4, what is -3 - 11301323?
-11301332
In base 10, what is -1975425 - 0?
-1975425
In base 4, what is 3 - 22210?
-22201
In base 12, what is 51525 + -1b?
51506
In base 7, what is -414255 - 2?
-414260
In base 16, what is -3 - e872?
-e875
In base 12, what is 3784 - 17?
3769
In base 12, what is 6a + -2a33?
-2985
In base 15, what is -4 + 4688?
4684
In base 5, what is 1124 + -123321?
-122142
In base 12, what is 105 - 1202?
-10b9
In base 7, what is 55302 + -36?
55233
In base 11, what is -2 + -122?
-124
In base 13, what is 431 - -7c4?
c25
In base 14, what is -4 + 97aab?
97aa7
In base 5, what is 2 - 410031?
-410024
In base 16, what is -9c + -b69?
-c05
In base 13, what is -2 + 20067?
20065
In base 9, what is 816652 + 5?
816657
In base 16, what is -383 - 15?
-398
In base 8, what is 174 - 37710?
-37514
In base 15, what is -26041 + 5?
-2603b
In base 9, what is 7065201 - 5?
7065185
In base 4, what is -12 - 20312233?
-20312311
In base 14, what is 10807 - -5?
1080c
In base 10, what is -75 + -3159?
-3234
In base 5, what is 144144142 - 4?
144144133
In base 14, what is -5 + 7596?
7591
In base 10, what is -4586 + 341?
-4245
In base 4, what is 3132 - 22303?
-13111
In base 7, what is 5565 + 35?
5633
In base 6, what is 44131323 + 4?
44131331
In base 4, what is 3001231 + 3?
3001300
In base 4, what is -3232 - 1220?
-11112
In base 14, what is 8b72c - 5?
8b727
In base 12, what is 3 + -211272?
-21126b
In base 14, what is 67a4 - -2a?
67d0
In base 8, what is 503 + 125?
630
In base 14, what is -4 + -10bb?
-10c1
In base 5, what is -2330114 + -4?
-2330123
In base 15, what is 14b - -43?
18e
In base 14, what is 2381 - -5?
2386
In base 4, what is -2333 - 2101112?
-2110111
In base 16, what is 13bd - -7?
13c4
In base 10, what is -937 + -409?
-1346
In base 7, what is 111366521 - 4?
111366514
In base 13, what is -3 - -227a?
2277
In base 11, what is 661 + -424?
238
In base 3, what is -1 + 1120012100?
1120012022
In base 7, what is 6644 + 5?
6652
In base 9, what is -104 - 11651?
-11755
In base 11, what is 359aa + -26?
35984
In base 8, what is -66766 - -5?
-66761
In base 16, what is 9f11 - 4?
9f0d
In base 2, what is -100110000101000010 + 110?
-100110000100111100
In base 13, what is 1b4 + -bc?
c5
In base 10, what is 111315 - -60?
111375
In base 2, what is -11 - -110100111000001100?
110100111000001001
In base 10, what is 2997 + 213?
3210
In base 9, what is 285 - -540?
835
In base 4, what is -231201112 - -3?
-231201103
In base 4, what is -312 - -3100?
2122
In base 5, what is 2 - 1314033?
-1314031
In base 16, what is 61f6 + 22?
6218
In base 7, what is -122613 - 4?
-122620
In base 13, what is 1 + -4ac6?
-4ac5
In base 10, what is 156 - 1539?
-1383
In base 5, what is 424401432 + 1?
424401433
In base 10, what is -5 + 95034?
95029
In base 10, what is 94 - 1021?
-927
In base 12, what is -195 + 1319?
1144
In base 15, what is -18 + 4a3?
48a
In base 15, what is -179 - -166c?
14e3
In base 6, what is 2104224 - 0?
2104224
In base 3, what is -10 + 2120220010001?
2120220002221
In base 6, what is -121 - 3552?
-4113
In base 5, what is -1140 + -1444?
-3134
In base 4, what is 1220033 - -3?
1220102
In base 4, what is 310 - 223331?
-223021
In base 2, what is 11111101100001 - -1?
11111101100010
In base 15, what is 4d1 + 114?
5e5
In base 3, what is 221021 - -122?
221220
In base 2, what is 11000 + 10011010000110?
10011010011110
In base 15, what is 474b4 - -b?
474c0
In base 16, what is -ba + 1a4?
ea
In base 3, what is -101211 - -10102121?
10000210
In base 15, what is -d + 1763b?
1762d
In base 16, what is -d0 - 347?
-417
In base 16, what is 41 + -596?
-555
In base 16, what is -1b71b - 1?
-1b71c
In base 5, what is -32 - -1000214?
1000132
In base 2, what is -11111 - -1011001000100?
1011000100101
In base 5, what is 102131420 + -11?
102131404
In base 4, what is 13 - 1002022?
-1002003
In base 13, what is -587 + -394?
-94b
In base 3, what is -1001110 + -1021001?
-2022111
In base 4, what is 10 - -303203?
303213
In base 